- 75*x - 262. Determine z(-4).
-922
Let n(f) = -f**2 - 444*f - 10901. Give n(-26).
-33
Let t(k) = 1035*k + 496. Calculate t(-2).
-1574
Let q(k) = 972*k + 366963. Give q(-378).
-453
Let o(p) = 637752*p + 7653011. Determine o(-12).
-13
Let r(x) = 2*x**2 + 257*x + 7422. Calculate r(-44).
-14
Let q(h) = 31*h**3 - 96*h**2 + 5*h + 37. Calculate q(3).
25
Let q(v) = 10786*v + 269767. What is q(-25)?
117
Let p(t) = 11*t**2 + 61*t - 148. Determine p(2).
18
Let z(i) = -i**3 - 129*i**2 - 469*i + 3835. Give z(-125).
-40
Let m(r) = -4*r**2 - 709*r - 26430. What is m(-124)?
-18
Let s(o) = -86120*o - 2239125. Give s(-26).
-5
Let h(y) = y**3 - 21*y**2 + 607*y + 2853. Give h(-4).
25
Let g(j) = -4*j**2 + 1649*j - 9735. Determine g(6).
15
Let b(n) = -4*n**3 - 26*n**2 + 847*n - 2710. What is b(4)?
6
Let z(v) = -v**3 - 245*v**2 - 12139*v + 792. Determine z(-176).
-88
Let j(i) = i**3 - 25*i**2 + 133*i - 718. Give j(26).
3416
Let u(b) = b**2 - 225*b - 17745. Give u(-62).
49
Let f(w) = -644834*w - 644817. Determine f(-1).
17
Let l(k) = -k**3 - 26*k**2 - 2*k + 503. Give l(-5).
-12
Let i(f) = f**2 - 7480*f - 505932. Calculate i(-67).
-283
Let g(k) = -4*k**2 + 447*k + 59244. What is g(-78)?
42
Let h(g) = 419*g + 12538. Determine h(-31).
-451
Let q(z) = 2624*z - 1102163. Give q(420).
-83
Let h(b) = 21*b**2 - 753*b - 768. What is h(-1)?
6
Let u(h) = -h**2 + 1383*h + 36642. Give u(-26).
8
Let s(j) = -707*j - 54507. Determine s(-77).
-68
Let i(w) = 2*w**3 - 12*w**2 - 12625*w + 100954. Give i(8).
210
Let m(j) = -5*j**2 + 100305*j - 3404582. What is m(34)?
8
Let t(y) = 2*y**3 - 198*y**2 + 2382*y - 131. What is t(85)?
39
Let g(z) = z**2 + 1307*z + 39496. Determine g(-31).
-60
Let z(x) = -10*x**3 - 41*x**2 + 456*x - 2. Give z(5).
3
Let k(u) = -u**3 + 126*u**2 + 387*u + 132. What is k(129)?
132
Let x(t) = t**3 + 46*t**2 + 64*t + 739. Calculate x(-45).
-116
Let x(t) = -6*t**2 - 57*t + 519. Calculate x(22).
-3639
Let y(g) = 1402*g - 26536. What is y(19)?
102
Let h(v) = 27*v**3 + 542*v**2 - 417*v - 9139. Determine h(-20).
1
Let p(u) = 1944*u - 9554. Give p(5).
166
Let v(r) = -27*r**2 - 15*r + 1045. Give v(6).
-17
Let k(d) = 213*d - 1881. Calculate k(12).
675
Let k(f) = -f**3 - 14*f**2 + 42*f + 39. What is k(-12)?
-753
Let w(u) = -u**3 - 15*u**2 + 2330*u + 32874. Determine w(-14).
58
Let u(i) = -i**2 - 478*i + 11774. Calculate u(24).
-274
Let z(w) = -429*w**2 + 72503*w - 155. Determine z(169).
183
Let t(s) = 2*s**3 - 28*s**2 + 59*s - 427. What is t(13)?
2
Let h(k) = 16*k**2 + 187*k - 2183. What is h(-19)?
40
Let b(s) = -103*s**3 - s**2 - 323*s + 323. Determine b(1).
-104
Let g(f) = -1160*f - 6182. Determine g(-5).
-382
Let s(m) = -2162*m + 210405. Give s(98).
-1471
Let i(s) = 5*s**2 - 188*s - 3253. Determine i(50).
-153
Let r(j) = j**3 + 93*j**2 - 1868*j + 213. Calculate r(-110).
-7
Let d(g) = -12224*g - 61347. What is d(-5)?
-227
Let t(o) = 8*o**2 + 850*o + 2217. Calculate t(-103).
-461
Let b(n) = 10*n**2 + 90*n + 231. Determine b(-4).
31
Let m(x) = 5*x**2 + 4623*x - 50874. Determine m(11).
584
Let o(d) = 3116*d - 754095. Calculate o(242).
-23
Let b(d) = 2*d**2 - 19370*d - 349308. What is b(-18)?
0
Let v(x) = 3*x**3 + 665*x**2 - 5764*x - 3420. Calculate v(-230).
-200
Let z(l) = 136*l + 27071. What is z(-200)?
-129
Let s(r) = -3*r**3 - 35*r**2 - 17*r + 51. Determine s(-11).
-4
Let c(j) = 2217*j + 609684. What is c(-275)?
9
Let m(s) = -6506*s - 4248416. Give m(-653).
2
Let q(g) = 3*g**2 + 4563*g + 129794. Calculate q(-29).
-10
Let q(h) = -h**2 - 25339*h + 152066. Calculate q(6).
-4
Let q(l) = -1047*l + 99411. What is q(95)?
-54
Let h(a) = -a**2 - 1279*a + 504028. What is h(316)?
8
Let f(l) = l**3 - 3*l**2 - 6306*l - 12591. Determine f(-2).
1
Let r(o) = -7511*o - 37515. Determine r(-5).
40
Let o(z) = -z**3 - 88*z**2 - 1036*z - 4578. What is o(-75)?
-3
Let h(p) = 21*p**2 + 182*p + 780. Determine h(-6).
444
Let p(y) = -6*y**2 - 77*y - 100. What is p(-18)?
-658
Let k(m) = m**3 - 132*m**2 - 556*m + 91. What is k(136)?
-1541
Let u(h) = -3315*h + 344744. Give u(104).
-16
Let a(l) = 5*l**2 - 73*l - 734. What is a(-10)?
496
Let o(j) = -j**3 + 14*j**2 + 3644*j - 51023. Determine o(14).
-7
Let i(j) = -4290*j + 4286. Give i(1).
-4
Let p(t) = t**3 - 27*t**2 + 1038*t - 55318. What is p(38)?
10
Let m(c) = -670*c**2 - 18754*c + 171. Give m(-28).
3
Let q(d) = -d**3 + 27*d**2 + 341*d + 25. Give q(-11).
872
Let b(p) = 9*p**2 - 11003*p - 44024. Give b(-4).
132
Let b(k) = -k**3 + 4*k**2 + 1040*k - 39. Determine b(33).
2700
Let o(p) = -p**3 + 70*p**2 - 541*p + 14042. Determine o(65).
2
Let v(k) = -373*k + 42521. Give v(114).
-1
Let i(j) = j**2 + 1069*j - 8606. Give i(8).
10
Let x(w) = w**3 + 39*w**2 + 787*w + 30707. Determine x(-39).
14
Let x(g) = 4465*g - 66. Determine x(-1).
-4531
Let q(t) = 3233*t + 9637. What is q(-3)?
-62
Let r(f) = 4*f**2 + 389*f + 763. Determine r(-95).
-92
Let s(i) = -62*i**2 + 39*i + 24. Give s(-1).
-77
Let u(f) = -328*f**2 + 641*f + 3. Determine u(2).
-27
Let c(b) = -225*b + 34. Determine c(-2).
484
Let a(c) = 2*c**3 - 646*c**2 + 33108*c + 2811. What is a(64)?
-5
Let d(x) = -x**3 + 480*x**2 - 1610*x + 312635. Calculate d(478).
23
Let s(k) = -3*k**2 - 52*k - 174. Give s(-7).
43
Let q(b) = -b**3 + 45*b**2 - 628*b + 6058. Determine q(31).
44
Let i(h) = 10524*h + 84150. What is i(-8)?
-42
Let p(l) = -13*l**3 + 31*l**2 + 32*l - 19. Calculate p(3).
5
Let m(s) = -9*s**2 + 1909*s + 9568. Determine m(217).
20
Let t(u) = -2*u**2 - 1765*u - 15796. Determine t(-9).
-73
Let y(i) = 149357*i + 4630022. Calculate y(-31).
-45
Let u(b) = 325*b - 1892. Give u(8).
708
Let j(z) = 5892*z - 23753. What is j(4)?
-185
Let k(i) = 3*i**2 + 96*i + 730. Give k(-12).
10
Let z(b) = 15*b**2 + 660*b + 7048. What is z(-26)?
28
Let v(t) = 35506*t - 213079. Determine v(6).
-43
Let r(j) = j**3 - 119*j**2 + 822*j + 7272. Calculate r(111).
-54
Let r(j) = 16*j**2 - 8623*j + 16647. Give r(537).
0
Let x(t) = 637*t + 6456. Give x(-11).
-551
Let s(m) = 2*m**3 - 1338*m**2 + 2651*m + 11333. Determine s(667).
-6
Let b(c) = -17238*c + 137821. What is b(8)?
-83
Let a(o) = -104089*o + 1040852. Calculate a(10).
-38
Let i(m) = 866*m**2 + 28573*m - 144. Determine i(-33).
21
Let j(t) = -59*t - 1285. What is j(-13)?
-518
Let d(z) = z**3 - 25*z**2 + 284*z - 2216. Calculate d(16).
24
Let x(d) = 46844*d - 1452157. Calculate x(31).
7
Let g(k) = -20*k + 691. What is g(27)?
151
Let y(c) = 39785*c - 198901. Calculate y(5).
24
Let j(o) = 300*o - 6285. What is j(21)?
15
Let d(m) = -64990*m + 974441. Give d(15).
-409
Let d(l) = 1497*l - 6067. Calculate d(4).
-79
Let b(q) = -48*q**2 + 91*q + 79. Calculate b(3).
-80
Let a(i) = 2*i**3 + 35*i**2 - 42*i - 388. Give a(-3).
-1
Let f(a) = -224*a - 2473. What is f(-10)?
-233
Let d(a) = -6*a**2 + 891*a + 11419. Calculate d(161).
-656
Let o(b) = 217*b + 1452. What is o(-5)?
367
Let g(k) = -k**2 - 148*k + 3999. Calculate g(-168).
639
Let f(l) = 177074*l + 1062445. Calculate f(-6).
1
Let k(c) = -c**2 - 604*c - 49414. What is k(-507)?
-235
Let p(b) = 1529*b - 258366. Determine p(169).
35
Let c(t) = 3*t**3 + 252*t**2 + 2*t + 289. What is c(-84)?
121
Let w(t) = t**3 + 728*t**2 + 18978*t + 1384. Determine w(-27).
7
Let z(s) = -20090*s + 341514. Calculate z(17).
-16
Let v(d) = 2*d**3 + 46*d**2 - 58*d - 39. Determine v(-23).
1295
Let u(z) = -114973*z - 1264706. What is u(-11)?
-3
Let t(c) = -c**3 - 37*c**2 + 5092*c + 64547. What is t(-87)?
-7
Let k(y) = -y**3 + 80*y**2 + 134*y + 1570. Give k(82).
-890
Let i(g) = -74713*g + 448232. What is i(6)?
-46
Let a(t) = -15893*t + 63592. Determine a(4).
20
Let s(w) = 8486*w + 755256. Calculate s(-89).
2
Let d(z) = -3*z**3 - 184*z**2 - 2813*z + 102. What is d(-32)?
6
Let v(c) = c**3 + 20*c**2 - 95*c - 2006. What is v(-21)?
-452
Let d(h) = 2*h**2 + 169*h - 5896. Calculate d(-111).
-13
Let l(t) = t**3 - 2*t**2 + 1050*t - 4219. Determine l(4).
13
Let r(b) = -b**3 - 7*b**2 + 178*b + 1367. Determine r(-7).
121
Let x(u) = -2826*u + 14384. Give x(5).
254
Let a(m) = 54*m**2 + 1210*m + 1652. Give a(-21).
56
Let w(t) = -103353*t + 516789. Calculate w(5).
24
Let k(r) = 2*r**3 - 1231*r**2 - 7537*r - 478. Calculate k(-6).
-4
Let p(u) = -u**2 - 32365*u + 4159105. Calculate p(128).
1
Let y(v) = -2*v**2 + 5819*v - 2024441. Calculate y(404).
3
Let v(x) = 319*x - 5517. What is v(17)?
-9